se 6) in base 5?
-33314
Convert -1011022 (base 3) to base 6.
-3525
What is 7385 (base 9) in base 4?
1110233
Convert -1144015 (base 6) to base 8.
-166113
Convert -43e7 (base 16) to base 14.
-6499
-12321 (base 4) to base 10
-441
Convert 195 (base 10) to base 3.
21020
1a (base 12) to base 6
34
31330 (base 4) to base 16
37c
Convert 33110 (base 9) to base 12.
10860
121200011 (base 3) to base 4
2331322
-6437 (base 10) to base 4
-1210211
What is 4300 (base 8) in base 15?
9e5
-462 (base 8) to base 16
-132
What is -1264 (base 8) in base 6?
-3112
What is -267 (base 8) in base 15?
-c3
-2224 (base 7) to base 6
-3414
Convert 13041 (base 5) to base 10.
1021
What is -a02 (base 12) in base 8?
-2642
100110000000 (base 2) to base 16
980
What is -15a1 (base 11) in base 8?
-3777
What is -1211 (base 6) in base 7?
-601
-2228 (base 13) to base 6
-34022
Convert 231032 (base 4) to base 16.
b4e
What is -b437 (base 12) in base 15?
-5c37
-14160 (base 8) to base 2
-1100001110000
Convert 3a23 (base 16) to base 14.
55d1
Convert 593 (base 11) to base 10.
707
Convert 11111001111010 (base 2) to base 11.
11020
Convert -4112 (base 8) to base 15.
-967
What is 17125 (base 8) in base 6?
55541
Convert 201a (base 14) to base 3.
21120011
220112 (base 3) to base 15
2e2
312 (base 8) to base 14
106
-5c9 (base 13) to base 16
-3f2
Convert -2882 (base 9) to base 13.
-cb9
What is 50454 (base 7) in base 15?
3960
Convert -101222112 (base 3) to base 5.
-224011
What is 2e70 (base 16) in base 12?
6a68
What is 12312 (base 4) in base 5?
3223
Convert 1810 (base 13) to base 9.
4787
3a4a (base 12) to base 4
1220122
What is -2437 (base 9) in base 4?
-130120
-3541 (base 11) to base 7
-16352
What is 22027 (base 8) in base 4?
2100113
Convert -5e4f (base 16) to base 10.
-24143
-1136 (base 13) to base 10
-2411
What is 6012 (base 7) in base 6?
13323
Convert 10013320 (base 4) to base 3.
212011111
What is 798 (base 14) in base 2?
10111100010
Convert 1211 (base 8) to base 7.
1615
Convert -1121554 (base 6) to base 16.
-e06e
Convert 22325 (base 6) to base 16.
c4d
12 (base 6) to base 5
13
What is -41 (base 5) in base 7?
-30
What is -a08 (base 16) in base 4?
-220020
3824 (base 10) to base 16
ef0
4143 (base 8) to base 7
6155
356 (base 8) to base 14
130
-28 (base 14) to base 16
-24
What is 3506 (base 7) in base 15?
5a5
What is 120222100 (base 3) in base 13?
53bb
What is -5217 (base 10) in base 5?
-131332
Convert -331 (base 14) to base 10.
-631
-1000010110 (base 2) to base 11
-446
Convert -10156 (base 10) to base 9.
-14834
-252 (base 6) to base 10
-104
What is -a9cb (base 14) in base 7?
-151444
What is -230 (base 16) in base 7?
-1430
Convert 2334412 (base 5) to base 6.
531323
2011 (base 13) to base 16
1138
What is -1110101111011 (base 2) in base 12?
-444b
What is -218 (base 13) in base 15?
-18e
What is 3144 (base 5) in base 11?
356
-256 (base 14) to base 3
-122100
What is -11331 (base 4) in base 8?
-575
Convert -1ab4 (base 12) to base 7.
-12430
206 (base 7) to base 11
95
Convert 536 (base 9) to base 14.
234
What is -1b616 (base 12) in base 9?
-61650
277 (base 8) to base 16
bf
Convert 146045 (base 7) to base 8.
67526
33223 (base 4) to base 7
2632
What is 1111000 (base 2) in base 4?
1320
What is -3b4 (base 16) in base 5?
-12243
Convert 4003 (base 5) to base 16.
1f7
Convert -1e3 (base 15) to base 4.
-12312
What is 5567 (base 8) in base 16?
b77
Convert 123 (base 10) to base 3.
11120
Convert -d98 (base 16) to base 11.
-2684
Convert 450 (base 10) to base 7.
1212
301 (base 14) to base 9
724
231123 (base 5) to base 3
102100222
-44315 (base 6) to base 2
-1100000010111
What is 5201 (base 8) in base 14?
da1
What is 2101202012 (base 3) in base 4?
23201201
5707 (base 8) to base 3
11010200
-100230 (base 5) to base 8
-6166
110001100100001 (base 2) to base 10
25377
What is -fc91 (base 16) in base 4?
-33302101
What is 729 (base 12) in base 8?
2021
Convert -974 (base 15) to base 9.
-2831
1110001111 (base 2) to base 6
4115
What is -11001110111 (base 2) in base 11?
-1275
36722 (base 10) to base 16
8f72
Convert -1c7d (base 15) to base 16.
-1831
What is -627 (base 8) in base 12?
-29b
-234 (base 5) to base 2
-1000101
Convert -8267 (base 9) to base 15.
-1bda
45414 (base 6) to base 7
24466
Convert 14422 (base 5) to base 9.
1624
What is 1475 (base 15) in base 9?
6012
What is 37d (base 14) in base 16?
2bb
-42054 (base 6) to base 7
-22321
100010010001 (base 2) to base 13
cc9
What is 14ba (base 15) in base 5?
120300
Convert -446 (base 12) to base 4.
-21312
-299 (base 11) to base 3
-110222
What is -241 (base 14) in base 5?
-3244
What is 3719 (base 10) in base 3?
12002202
2463 (base 12) to base 4
1000023
-10b0 (base 14) to base 16
-b52
Convert -268 (base 9) to base 16.
-e0
What is 4503 (base 6) in base 12?
733
Convert -1001111 (base 2) to base 3.
-2221
What is -347c (base 13) in base 4?
-1303022
What is 326 (base 12) in base 16?
1ce
What is 12310020 (base 4) in base 13?
c921
Convert -359 (base 11) to base 3.
-120211
Convert -10000000110 (base 2) to base 12.
-71a
Convert -2a8 (base 13) to base 2.
-111011100
What is 65030 (base 7) in base 9?
24125
Convert 4895 (base 14) to base 8.
30603
Convert 1b47 (base 12) to base 8.
6447
What is 101010 (base 2) in base 8?
52
What is -3776 (base 10) in base 8?
-7300
Convert 313 (base 10) to base 12.
221
Convert -251 (base 15) to base 13.
-316
What is -254240 (base 6) in base 15?
-6c2c
What is b7a0 (base 14) in base 12?
16414
Convert -1001311 (base 4) to base 14.
-176d
What is -1530 (base 6) in base 9?
-510
-da9 (base 14) to base 2
-101010001001
What is -44173 (base 10) in base 11?
-30208
-18c4 (base 13) to base 14
-14cd
-3675 (base 9) to base 6
-20405
Convert 112514 (base 6) to base 9.
14261
-ba34 (base 13) to base 12
-12ba4
What is 100011010111 (base 2) in base 16?
8d7
62620 (base 8) to base 9
38588
Convert -1500 (base 6) to base 5.
-3041
Convert -1466 (base 15) to base 2.
-1000100010011
What is 1011100000010100 (base 2) in base 10?
47124
Convert -1707 (base 8) to base 9.
-1284
What is 11728 (base 10) in base 13?
5452
-b92 (base 16) to base 15
-d27
Convert -1b6b (base 12) to base 2.
-110101000011
What is -113 (base 7) in base 10?
-59
Convert -49a0 (base 15) to base 7.
-63462
What is -50e (base 16) in base 3?
-1202221
-4033 (base 5) to base 7
-1340
2144 (base 5) to base 4
10223
207a7 (base 11) to base 12
15606
-155 (base 16) to base 12
-245
What is 858 (base 12) in base 5?
14340
What is 5650 (base 14) in base 3?
202112022
2211 (base 6) to base 8
777
Convert 2e6e (base 16) to base 13.
5544
23032022 (base 4) to base 13
17bc7
What is 21221012 (base 3) in base 7?
22601
Convert 102230 (base 4) to base 2.
10010101100
-2010002 (base 3) to base 6
-11045
Convert 4073 (base 12) to base 7.
26256
What is -41410 (base 7) in base 13?
-480a
2100 (base 12) to base 13
183c
What is 11123 (base 4) in base 13?
209
-daa1 (base 16) to base 8
-155241
-245 (base 14) to base 12
-319
What is -136340 (base 7) in base 6?
-321255
-292 (base 12) to base 10
-398
-6230 (base 9) to base 15
-1543
Convert -1777 (base 11) to base 12.
-1386
Convert -13201211 (base 4) to base 15.
-91eb
70042 (base 9) to base 14
12a73
3354 (base 13) to base 14
287d
What is 2041 (base 6) in base 8?
711
Convert 355224 (base 7) to base 5.
4024012
-12225 (base 7) to base 8
-6204
211121022 (base 3) to base 12
9652
What is -189b (base 15) in base 5?
-132241
Convert 10111000 (base 2) to base 14.
d2
3188 (base 9) to base 8
4454
What is 9975 (base 14) in base 13?
c124
Convert 5 (base 14) to base 3.
12
What is -5061 (base 14) in base 2?
-11010111101101
-217 (base 15) to base 4
-13120
Convert -32 (base 13) to base 10.
-41
Convert 138a (base 12) to base 3.
10002221
Convert -644 (base 10) to base 7.
-1610
Convert 13035 (base 8) to base 14.
20c5
Convert -1671 (base 8) to base 15.
-438
What is 12200221 (base 3) in base 4?
1000330
What is -6002 (base 8) in base 11?
-2345
What is -111111220 (base 3) in base 13?
-463b
Convert -327 (base 10) to base 15.
-16c
What is -1656 (base 12) in base 5?
-41113
7781 (base 11) to base 16
280d
What is 1c8d (base 16) in base 3?
101000201
What is 53005 (base 6) in base 11?
53a5
1002002001 (base 3) to base 5
1134241
Convert 10344133 (base 5) to base 12.
44493
Convert 16363 (base 9) to base 6.
124003
-667 (base 9) to base 10
-547
-100200221 (base 3) 